3*t + 20, 4*t = 16. Let x = w + q. Let i(n) = n + 2. Determine i(x).
7
Let a(l) be the first derivative of -1 - 1/6*l**3 - 2*l - 1/2*l**2. Let j(i) be the first derivative of a(i). Determine j(4).
-5
Suppose 3*n = -4*x + 35, n + 5 + 0 = 2*x. Let h = 2 + 1. Let t(z) = 4*z + 4. Let y(o) = -o. Let u(m) = h*y(m) + t(m). What is u(x)?
9
Suppose 3*b - 4 = 2. Suppose -3*o + 7 = -b. Suppose 10 = -x + o*f, 0*f - 8 = 3*x + 2*f. Let i(y) = -y**3 - 4*y**2 + 1. Give i(x).
1
Let l(n) = 9*n + 1. Let f(h) = h + 5. Let j be 4/(-14) - 320/56. Let y be f(j). Give l(y).
-8
Let w(x) = x**3 - 7*x**2 + 8*x - 6. Suppose -2*p = c - 3*p - 7, 0 = c + 3*p + 5. Suppose -c*a + 18 = -a. What is w(a)?
6
Let u(g) be the second derivative of -11*g**4/12 + 4*g**3/3 - g**2 + 3*g. Let f(h) = -7*h**2 + 5*h - 1. Let m(o) = 8*f(o) - 5*u(o). Give m(-3).
-7
Suppose 4*z - 5*c = -3*c + 20, 2*z = -3*c + 2. Let o(w) = w**3 - 4*w + 0*w**2 - 3*w**2 - 4 + 3 + 2. Determine o(z).
1
Let x(p) = -p - 4. Suppose 3*j + j = -48. Let o be (-45)/j + (-6)/8. Calculate x(o).
-7
Suppose 3*r + r - 6 = -2*a, 0 = 2*r - 8. Let f(m) = m**3 + 6*m**2 + 7*m + 3. Calculate f(a).
-7
Let s(t) = -1 + 4*t**3 + 8*t**2 - 1 + 0*t**3 - 5*t**3. What is s(8)?
-2
Let z(b) = b**2 + 2*b + 1. Suppose w - 2*w = 1. Let y = w - -1. Suppose 3*f = -j - j + 10, -3*j - 5*f + 17 = y. Give z(j).
0
Let r(m) be the second derivative of -m**7/2520 - m**6/720 - m**5/60 - 5*m**4/12 + 3*m. Let o(t) be the third derivative of r(t). Determine o(0).
-2
Let w(p) be the first derivative of -p**7/420 + p**6/90 - p**5/40 + 4*p**3/3 + 1. Let t(g) be the third derivative of w(g). Give t(2).
-6
Let x(z) = 2*z - 32. Let y be x(13). Let i(m) = m + 6. What is i(y)?
0
Let c(b) be the second derivative of b**5/20 + b**4/3 - 5*b**3/6 + 7*b**2/2 + b. Suppose -5*x - 27 = -2. What is c(x)?
7
Let v(b) = b**2 - 8*b + 13. Let o be v(6). Let y(g) be the third derivative of -13*g**6/120 - g**5/60 + g**4/12 - g**3/6 + g**2. Calculate y(o).
-13
Let s(z) = 1. Let g(h) = h - 1. Let y(x) = g(x) - 5*s(x). Let i be y(10). Let c(d) = d**2 - 3*d + 1. Calculate c(i).
5
Let n(w) = w**3 - 3*w - 5*w**2 - 3*w**3 + 0*w**2 - 3. Let c(x) = 3*x**2 - 3 + 3*x**3 + 1 - 2*x**3 + 4 + 2*x. Let b(l) = 5*c(l) + 3*n(l). Give b(-1).
1
Let k(f) be the first derivative of f**2/2 - 5*f + 2. Let d(u) = -u. Let p(z) = -2*d(z) - k(z). Calculate p(0).
5
Let v be (4/(-5))/((-1)/5). Let t(c) be the third derivative of -c**5/60 + c**4/4 - c**3/3 - 2*c**2. Calculate t(v).
6
Let i(j) = j**3 - 14*j**2 + 14*j - 9. Let g(f) = -f**3 - 6*f**2 + 4*f - 8. Let q be g(-7). Determine i(q).
4
Suppose d = 3*z - 49, -2*d - 20 = -2*z + 18. Let b be ((-6)/z)/((-4)/(-20)). Let u(n) = -n**3 - n**2 - 4*n - 3. Calculate u(b).
9
Let m(j) be the second derivative of -j**3/3 - 3*j**2/2 + 13*j. What is m(-5)?
7
Suppose 20*q - 8 = 16*q. Suppose u + q = -3. Let s(f) = f**2 + 6*f - 7. Give s(u).
-12
Suppose -6*x = -3*k - 3*x + 3, 2*x - 1 = k. Let m(z) be the first derivative of 0*z**2 + 0*z - 1 - 1/3*z**k - 1/2*z**4. Give m(-1).
1
Let c(i) = -i - 2. Let r(u) = 1. Let s(b) = 2*c(b) + 3*r(b). Give s(2).
-5
Suppose 4 = x + 5*k + 1, 3*k - 27 = 3*x. Let c(t) = t**3 + 6*t**2 - 7*t - 7. What is c(x)?
-7
Suppose 5*b + 4*t - 4 - 6 = 0, -t + 7 = -b. Let c(k) = -k**2 - k + 3. Let o(h) = -h**2 - h + 4. Let d(p) = 4*c(p) - 3*o(p). Determine d(b).
-2
Let t(q) be the third derivative of q**4/24 - 7*q**3/6 + 7*q**2. Calculate t(7).
0
Let q(c) = 7 + 0 - 3*c - 4 + 4*c. Give q(0).
3
Let h(u) = u**3 + 6*u**2 - 3*u - 9. Suppose 2*a - 4 = -16. Calculate h(a).
9
Let n(z) = -z - 6. Let g be 2 - -1 - (6 + 0). Calculate n(g).
-3
Let d(w) = -4*w**2 - 3*w - 7. Let v(o) = o**2 - o. Let y(t) = -d(t) - 5*v(t). Determine y(8).
7
Let n(k) = -2 + 3*k**2 - 2*k**2 + 4. Let g(p) = p**2 + 3*p - 2. Let b be g(-4). Give n(b).
6
Let y be 2 - ((-2 - -4) + -2). Let q(w) = 8*w**y - 5 - 7*w**2 + w**3 + 4. Suppose 9*k = 3*k - 6. Determine q(k).
-1
Let d(h) be the second derivative of -5*h**4/12 + h**3/6 + h. Suppose -5*m + 41 + 14 = 5*q, -2*q = -4*m + 8. Suppose -8*o + 2 = -q*o. Determine d(o).
-4
Let u(g) = g - 4. Suppose -o + 6*o + 4*t - 29 = 0, t + 19 = 4*o. Suppose -8*j = -3*j + 2*q - 20, o*q + 4 = j. Give u(j).
0
Let q(o) be the second derivative of o**7/840 - o**6/90 + o**5/120 - o**4/8 - o**3/3 + o. Let s(n) be the second derivative of q(n). Determine s(4).
1
Let q(r) = r - 1. Let l(s) = -4*s**2 + 3 + s**3 - 2*s**3 + 0*s**3. Let h(z) = 5*z + 17. Let o be h(-4). Let f be l(o). Calculate q(f).
-7
Let d = -12 - -14. Let y(g) = g + 4. Let w be y(d). Let c(i) = -i**3 + 6*i**2 + i - 7. Determine c(w).
-1
Let a be (-4)/10 + (-9)/15. Let n(b) = -13*b**3 - b**2 - 2*b - 1. What is n(a)?
13
Let w(y) be the second derivative of 0 + y + 7/2*y**2 - 1/3*y**3. What is w(6)?
-5
Suppose 4*w + 22 = 2*b, 4*b - 17 = -0*w - w. Suppose 0 = -2*v + 3*v - 2. Let x(i) = b*i + 2*i - v*i. What is x(-1)?
-5
Let u(h) = -4*h**2 + 6*h - 4. Let i(z) = 7*z**2 - 12*z + 8. Let w(f) = -3*i(f) - 5*u(f). Let m = -2 + 7. Calculate w(m).
1
Let d(p) = -3*p + 4. Let m(r) = 2*r + 7. Let b be m(4). Let n be 8/3 + 5/b. What is d(n)?
-5
Let i = -5 - -8. Let j(h) = -h - h - 1 - h**i + 0*h. What is j(-2)?
11
Let z(a) = a**3 + 7*a**2 + 5*a + 9. Let h(p) = -3*p - 44. Let q(i) = i + 15. Let k(w) = 4*h(w) + 11*q(w). Let o be k(-5). Calculate z(o).
15
Let f(x) = -2*x**2 - 4*x + 4. Let r = 86 + -90. Give f(r).
-12
Let z be (6/4)/((-2)/(-4)). Let x(l) = -z*l**2 + 1 - l**2 + 4*l**2 - 5*l**2. Give x(1).
-4
Let k(n) = -2*n + 61*n**3 - 6*n**2 - 7 + n**2 - 62*n**3. Suppose -2*g - 2*g + 50 = 5*o, -3*o = -6. Let m = 5 - g. Give k(m).
3
Let w(u) = -5*u**2 + u**2 - u**2 - 7 + 4*u**2. Determine w(0).
-7
Suppose 2*q = -5*d - 22, -4*q - 9 = 5*d + 5. Let t(c) = -c**2 - 7*c - 1. Let y be t(d). Let s(m) = m - 1 - m + 2*m. What is s(y)?
9
Let h(x) = x**2 - 5*x + 5. Let u be 4/(-6) + (-425)/(-75). Determine h(u).
5
Let i(d) = d**2 - 13 + 8 + 8 - 4*d. Determine i(2).
-1
Suppose -8 = n - 2*n + 5*k, 4*n - 3*k = 15. Let l(x) = -n + x - 1 + 4 - 6. What is l(5)?
-1
Let j(c) = c**3 - 4*c**2 + 2*c - 6. Let x = 6 - 6. Suppose x*z - 5*z - 20 = 0. Let r be 4*(-1)/(z - -3). What is j(r)?
2
Let p = -38 - -33. Let x(u) be the second derivative of -5/6*u**3 + 1/3*u**4 + 0 - 2*u - 2*u**2 + 1/20*u**5. Determine x(p).
-4
Suppose 4*o - 4 = 4*x, -4*x - 2 = 5*o - 25. Let p(h) = -h - 3. What is p(o)?
-6
Let m(n) = -3*n**2 - 10*n + 2. Let w(f) = -21*f - 3*f**2 + 4 - 2*f**2 + 0*f**2 - 2*f**2. Let h(u) = -9*m(u) + 4*w(u). Determine h(6).
-2
Let u(b) be the first derivative of -b**2/2 - 3*b + 11. What is u(-5)?
2
Let d(c) = -5*c - 1. Let n be d(1). Let k = n - -1. Let h(g) = -2*g + 2. What is h(k)?
12
Let s(j) = -2*j + 1. Let g be s(5). Let a = -6 - g. Suppose i + a*c = 0, 5*i - 3*c = -2*c. Let b(x) = -x**2 - x - 9. Give b(i).
-9
Let t(o) = o**3 - 2. Let s be t(2). Let p(a) = -a**2 + 6*a + 6. What is p(s)?
6
Let k(f) be the third derivative of 2*f**2 + 0*f + 0*f**5 - 5/24*f**4 + 1/360*f**6 + 1/6*f**3 + 0. Let r(g) be the first derivative of k(g). Give r(0).
-5
Let q(j) = -3 - 2 + 5*j + 7 + 31*j**2 - 32*j**2. Suppose 5*z - 35 = a - 6*a, 3*z + 2*a - 19 = 0. What is q(z)?
2
Let g(s) = -3*s. Let f(b) = -b. Let j(k) = 5*f(k) - 2*g(k). Let h(c) = -8*c - 5. Let z = -3 + 2. Let q(v) = z*h(v) - 6*j(v). Determine q(-4).
-3
Let r(s) be the third derivative of 0 + 0*s**4 - 1/6*s**3 + 1/60*s**5 + 0*s - 6*s**2. Give r(3).
8
Let w(j) be the third derivative of -j**5/60 + j**4/8 - 5*j**3/6 - 6*j**2 + 2. Determine w(3).
-5
Let d(t) = t**3 + t**2 - t - 1. Let w(r) = -5*r**3 + 4*r**2 + r + 16. Let l(q) = -4*d(q) - w(q). Give l(8).
12
Suppose 0 = -5*k + h + 10, h - 4*h + 10 = 5*k. Let l(u) = u**2 - u - 1. Give l(k).
1
Let x(u) = u**2 + 11*u + 21. Let a be x(-9). Let v(r) = -r**2 + 2*r. Calculate v(a).
-3
Let b(z) = -z**3 - z + 15. Let l be b(0). Let u = l - 22. Let a(r) = r**2 + 9*r + 8. Give a(u).
-6
Let a be (-1 + 3)*10/4. Let d(y) = -a*y + 2*y**2 + 4*y - y**2 + 1 - 6*y**2. Calculate d(1).
-5
Let x(g) = g**3 + 6*g**2 + 5*g + 3. Let y be x(-5). Suppose -2 = 2*r - y*r. Let z(v) = v + 1. Give z(r).
3
Let a be (-1 - (-2 + 3)) + 3. Let s = 2 + a. Let u(n) = 2*n - s*n - n - n**2. Give u(-2).
0
Let o(b) be the third derivative of b**6/120 - b**5/30 - b**4/24 - b**3/3 - 2*b**2. Let d be